4 = 4*h + 4*g. Let x be (2 + 9/h)*16. Suppose -j - x = -18. What is the units digit of j?
0
Let c = 28 - -6. Suppose 0 = 4*b - c - 26. What is the units digit of b?
5
Suppose 3*c - 5*h - 1 = 0, -2*c + 4*h + 0 = 2. Suppose 3*t - 20 - c = 0. What is the units digit of t?
9
Suppose m = 7 + 8. Suppose 20 = 5*o - m. What is the units digit of o?
7
Suppose -b + 46 + 48 = -3*z, -b + 90 = -4*z. What is the units digit of b?
6
What is the units digit of 6/(-15) - (-1348)/20?
7
Let a be 1*(-1 - (2 - 1)). Let d(h) be the second derivative of -h**3/2 - 3*h. What is the units digit of d(a)?
6
Suppose 11 = 4*s + 3*x, 2*x - 5 = -2*s + x. Suppose 0 = 5*a - 5*l - 220, -2*a - l = s*a - 161. What is the units digit of a?
1
Let s(z) = z**2 - 3*z + 1. Let x be s(5). Suppose -5 = -0*y - y. Suppose y*m - x = i, 5*i + 5 = 2*m - 4. What is the units digit of m?
2
Suppose -k - 4 - 8 = -3*n, -5*n + 4*k = -27. Suppose -6*z = -5*z. Suppose -5 = -j - z*j - 2*y, 5*j + n*y - 11 = 0. What is the units digit of j?
1
Suppose 3*k = -3 + 6. What is the units digit of k?
1
Let o(g) = -g + 2. Let m be o(2). Suppose m = 5*k - 80 - 85. What is the units digit of k?
3
Suppose 5*c + 5 = 5*r, 0 = 2*r - r + 4*c - 1. What is the units digit of r?
1
Suppose -4*p - 4*s + 9*s = -263, 2*p - 130 = 2*s. Suppose 3*z - z + 4*r - p = 0, 5*z + 3*r - 134 = 0. What is the units digit of z?
5
Let b = -1 - -3. Let p(i) = 2*i**3 - 3*i**2. Let h be p(b). Suppose -4*m + z = -36, -m - h + 13 = 4*z. What is the units digit of m?
9
Let m be 3*(-2 - (-7)/3). Let o = -1 + m. What is the units digit of (o - (1 + 0))*-5?
5
Suppose 3*c + l = -19, 0 = 5*c - 5*l + 5 - 0. Let z = c - -7. What is the units digit of z?
2
Let b = 45 - 85. Let o = -26 - b. What is the tens digit of o?
1
Let y = 39 + -33. Let d(q) = -11*q**2 + 21*q - 14. Let h(z) = -5*z**2 + 10*z - 7. Let s(b) = 4*d(b) - 9*h(b). What is the units digit of s(y)?
7
Suppose -111 - 299 = -3*w + h, 142 = w + h. What is the units digit of w?
8
Let j = 6 - 4. Suppose -2*t = j*t - 8. Suppose x + 2*h = 24, h = -t + 3. What is the units digit of x?
2
Let t = -1 - -1. Suppose t + 4 = y. What is the units digit of y?
4
Suppose -4*o + 196 = 4*r, 3*o - o - 4*r - 98 = 0. What is the tens digit of o?
4
Let x = -60 - -109. What is the tens digit of x?
4
Suppose 4*p - 16 = 4*z, -4*z + 8 = -8*z. Let w = 0 + p. What is the units digit of (-4)/(-3 - -2) - w?
2
Suppose -3*o = t - 216, 3*t - 288 = -o - 3*o. Let g = o - 29. What is the units digit of g?
3
Suppose 4*t + 4*n + 13 = 7*t, 3*t = 3*n + 12. Let w be 2 - (-1 + 0 - -2). Let y = w + t. What is the units digit of y?
4
Let y(s) = 8*s**2 - 2*s + 1. Let c be 0 - -3*(-4 + 1). Let k be (-10)/(-4) + c/6. What is the units digit of y(k)?
7
Let c(l) = 121*l - 1. Let h be c(4). What is the tens digit of (h/12)/(-7)*-4?
2
Suppose -5*u - r = -8, -2*u + 8 = -0*u + 2*r. Let j be -1 + -6 + u + 2. Let p(y) = y**2 + 3*y - 1. What is the units digit of p(j)?
3
Let g = -3 + 2. Let i be (2 - 0)/(-2 - g). What is the tens digit of 462/24 + i/8?
1
Suppose 12*k + 1550 - 5486 = 0. What is the hundreds digit of k?
3
Let p be 9/(-3) - 6*-1. Suppose -2 + 0 = -5*s - 3*j, p*j = -3*s. What is the units digit of s?
1
Suppose 0 = -2*n + 4*n - 170. Suppose -n = -5*x - 0*x. What is the units digit of x?
7
Let p be 9/1 - (-3 + 5). Suppose -4*a + p*a = 12. Suppose a*u - 16 = 5*y, 4*y = -y. What is the units digit of u?
4
What is the tens digit of (-9)/(-45) - (-338)/10?
3
Let j(n) = 4 - 5*n - 1 + 0 + n**2 - 1. Let b be j(5). Suppose i + b*i - 27 = 0. What is the units digit of i?
9
Suppose -5*y = -2*x + 62, -2*x + 4*x = -5*y - 78. What is the units digit of 9/6 - 567/y?
2
Let q be 270/8 + 4/16. Let k = q - 23. Let h = k + -7. What is the units digit of h?
4
Suppose -i - p = 3*p - 253, -5*i + p = -1160. What is the tens digit of i?
3
Let u = -1 - -9. What is the units digit of 23 - 6*(-4)/u?
6
Let m(c) = -c + 4. Suppose 6 + 9 = 5*g. Let z be m(g). What is the units digit of (2 - -6)/(z - 0)?
8
Let m = 10 - 6. Suppose 29 + 3 = m*u. Suppose 0 = 2*p - 4*p + 10, -4*v - u = -4*p. What is the units digit of v?
3
What is the units digit of 2/(2*4/28)?
7
Let k be (11 + 1)*(1 - -1). Let n be 1/(2*(-2)/k). What is the units digit of (2/(-1))/(4/n)?
3
Suppose 0 = -0*q - q + 18. What is the tens digit of q?
1
Let l be 27/5 + 6/(-15). Suppose 0 = -l*s + 45 - 5. What is the units digit of s?
8
Suppose 2*c + 4 = 6. Let o(r) = 4*r - 2. Let a be o(2). What is the units digit of c*(-3)/a*-2?
1
Let j = -3 + 38. What is the units digit of j?
5
Suppose 0 = -5*p - 0*w + w + 315, 42 = p + 4*w. What is the units digit of p?
2
Suppose -4*s + 2*x + 96 = -2*x, -3*s + 5*x = -72. What is the units digit of s?
4
Suppose 10 = 5*f + 35, 2*c = -f - 1. Suppose -c*g + 56 = -0*g. What is the tens digit of g?
2
Let j(a) = 0*a**3 + 0*a - a**3 + 7*a**2 - 3*a + 0*a. What is the tens digit of j(6)?
1
Suppose 0*z = 2*z - n - 144, -3*z - 2*n = -230. What is the units digit of z?
4
Let w be 3*((-16)/(-3) + 3). Suppose -a + w = 4*a. Suppose 2*j - v - 13 = -2*v, 3*j = -a*v + 23. What is the units digit of j?
6
Suppose 4*q + 3*t - 288 = 0, -q + 83 = -3*t + t. What is the tens digit of q?
7
Suppose 0 = -4*w - 5 + 105. What is the tens digit of w?
2
What is the units digit of 14/49 + (-624)/(-21)?
0
Let o(i) be the second derivative of i**4/12 - i**3/3 - 3*i**2/2 - i. What is the units digit of o(-3)?
2
Let c(d) = -d**3 - d**2 - 3. Let r be c(0). What is the units digit of (r/(-6))/((-2)/(-8))?
2
Suppose -3*j = j - 20. Suppose -5*s + 18 = 5*a - 17, -2*a + 5*s + 7 = 0. Suppose -40 = -j*t + 2*l, 0 = -t + a*l - 3*l - 5. What is the units digit of t?
0
Let p(x) = -4*x - 2 + 2. What is the tens digit of p(-3)?
1
Let g = 105 + -67. What is the tens digit of g?
3
Let f(z) be the second derivative of 7/2*z**2 - z**3 - 1/12*z**4 + 0 + z. What is the units digit of f(-6)?
7
Let d = 0 + 1. Suppose 0 = -s - 3*s + 16. Let m = d + s. What is the units digit of m?
5
Let i(f) = -2*f**3 + 16*f**2 - f + 8. What is the tens digit of i(7)?
9
What is the tens digit of -1 + 1/3 - 7060/(-60)?
1
Let a(o) = -4*o - 78. What is the units digit of a(-23)?
4
Let h be 1/4*2*4. Let d be (0/(-1))/(6/2) + 2. Suppose -h*n + 4*n = -d*j + 34, 4*n - 83 = -5*j. What is the units digit of j?
5
Let r(l) = -l**3 + 9*l**2 - 10*l + 1. What is the tens digit of r(7)?
2
What is the units digit of (46/(-4))/((-3)/6)?
3
Let k(c) = -45*c**3 - c - 1. Let s be k(-1). Let m = 63 - s. What is the tens digit of m?
1
Suppose -4*w - w + 485 = 0. What is the units digit of w?
7
Suppose w = -5*q + 129, -q + w = q - 53. Let v be 360/(-26) + (-4)/q. What is the units digit of 7/v + (-11)/(-2)?
5
Let t = 3 - 2. Suppose -t = -2*d + 3. What is the units digit of 96/4*d/4?
2
Suppose 0 = -p - 2*p + 3. Suppose -1 = 2*w + p. Let u = 4 + w. What is the units digit of u?
3
Let h be (1 - 0)/((-3)/(-9)). Suppose 0 = 3*y - 3*a - 38 - 10, y + a - 20 = 0. Suppose h + y = r. What is the tens digit of r?
2
What is the tens digit of (-1 - -1) + (95 - 20)?
7
Suppose -33 - 217 = -5*c. What is the tens digit of c?
5
Let h = 15 + -9. What is the tens digit of -3 + (2 - h - -33)?
2
Let m = -79 - -101. What is the units digit of m?
2
Suppose -16 = -3*g - 4*i - i, -2*g - 5*i = -14. Suppose -3*z + 8 - 2 = 5*h, -z + g = 3*h. Let r = 5 - z. What is the units digit of r?
3
Let h = 286 - 199. What is the units digit of h?
7
Let r(f) = -f**3 - 13*f**2 + 2*f - 16. Let v(q) = 2*q**3 + 13*q**2 - 3*q + 17. Let j(y) = -3*r(y) - 2*v(y). What is the units digit of j(13)?
4
Let w = 10 - 14. Let c(d) = d**3 + 6*d**2 + 4*d + 6. Let h be c(w). Suppose -5*u = 5, 5*u - h = -2*m + u. What is the tens digit of m?
1
Let w = -8 - -12. Let j(u) = u**3 - 2*u**2 - 2*u - 5. What is the units digit of j(w)?
9
Suppose -2*m - 3 = -7. Suppose 1 = -2*b - m*l + 3*l, 0 = -2*b + 2*l + 2. What is the units digit of (1 - 14/2)/b?
3
Suppose 0 = 4*x + 44 - 228. What is the tens digit of x - (1 + (-4)/(-2))?
4
Let f = -6 - -8. What is the units digit of (9 - (5 - f))*3?
8
Let o(j) = 32*j**2 + j - 1. What is the units digit of o(1)?
2
Let m be 2 + (2 - (-3 + 3)). Suppose -m*c + 3*c + 10 = 0. What is the tens digit of c?
1
Suppose 585 = 5*f - 0*f - 2*q, 4*f = -4*q + 468. What is the hundreds digit of f?
1
Suppose -3*y = y 